{"id":16268,"date":"2022-07-14T12:46:29","date_gmt":"2022-07-14T09:46:29","guid":{"rendered":"https:\/\/www.jct-huolto.fi\/kauppa\/?post_type=product&#038;p=16268"},"modified":"2026-04-14T14:30:08","modified_gmt":"2026-04-14T11:30:08","slug":"hp-elitebook-840-g8-i5-16gb-256gb-14","status":"publish","type":"product","link":"https:\/\/www.jct-huolto.fi\/kauppa\/tuote\/hp-elitebook-840-g8-i5-16gb-256gb-14\/","title":{"rendered":"HP EliteBook 840 G8 14&#8243; i5\/16Gb\/256Gb Huippukuntoinen"},"content":{"rendered":"<p>Huippukuntoinen ja t\u00e4ydellisesti toimiva kevyt yritystason l\u00e4pp\u00e4ri.<br \/>\n<a href=\"https:\/\/www.jct-huolto.fi\/kauppa\/kuntoluokitukset\/\" target=\"_blank\" rel=\"noopener noreferrer\"><em>Katso kuntoluokitukset<\/em><\/a><\/p>\n<p>&#8211; Intel i5-1135G7 prosessori<br \/>\n&#8211; 16Gb DDR4-3200 muisti<br \/>\n&#8211; 256Gb\u00a0 NvMe M.2 SSD<br \/>\n&#8211; N\u00e4ytt\u00f6 14&#8243; Full HD IPS<br \/>\n&#8211; Liit\u00e4nn\u00e4t: 2 x SuperSpeed USB Type-A, 2 x SuperSpeed USB Type-C, 1 x HDMI, mikrofoni-kuuloke-yhdistelm\u00e4<br \/>\n&#8211; Sormenj\u00e4lkilukija<br \/>\n&#8211; Taustavalaistu n\u00e4pp\u00e4imist\u00f6 (Pohjoismaalainen)<br \/>\n&#8211; Windows 11 pro FI k\u00e4ytt\u00f6j\u00e4rjestelm\u00e4<br \/>\n&#8211; Laturi mukaan<br \/>\n&#8211; My\u00f6nn\u00e4mme laitteelle 12kk takuun<br \/>\n&#8211; Sis. alv<\/p>\n","protected":false},"excerpt":{"rendered":"<p>Huippukuntoinen ja t\u00e4ydellisesti toimiva kevyt yritystason l\u00e4pp\u00e4ri. Katso kuntoluokitukset &#8211; Intel i5-1135G7 prosessori &#8211; 16Gb DDR4-3200 muisti &#8211; 256Gb\u00a0 NvMe M.2 SSD &#8211; N\u00e4ytt\u00f6 14&#8243; Full HD IPS &#8211; Liit\u00e4nn\u00e4t: 2 x SuperSpeed USB Type-A, 2 x SuperSpeed USB Type-C, 1 x HDMI, mikrofoni-kuuloke-yhdistelm\u00e4 &#8211; Sormenj\u00e4lkilukija &#8211; Taustavalaistu n\u00e4pp\u00e4imist\u00f6 (Pohjoismaalainen) &#8211; Windows 11 pro FI [&hellip;]<\/p>\n","protected":false},"featured_media":17901,"template":"","meta":[],"product_cat":[20,34],"product_tag":[],"yoast_head":"<!-- This site is optimized with the Yoast SEO plugin v21.9.1 - https:\/\/yoast.com\/wordpress\/plugins\/seo\/ -->\n<title>HP EliteBook 840 G8 14&quot; i5\/16Gb\/256Gb Huippukuntoinen - JCT-Huolto Kauppa<\/title>\n<meta name=\"robots\" content=\"index, follow, max-snippet:-1, max-image-preview:large, max-video-preview:-1\" \/>\n<link rel=\"canonical\" href=\"https:\/\/www.jct-huolto.fi\/kauppa\/tuote\/hp-elitebook-840-g8-i5-16gb-256gb-14\/\" \/>\n<meta property=\"og:locale\" content=\"fi_FI\" \/>\n<meta property=\"og:type\" content=\"article\" \/>\n<meta property=\"og:title\" content=\"HP EliteBook 840 G8 14&quot; i5\/16Gb\/256Gb Huippukuntoinen - JCT-Huolto Kauppa\" \/>\n<meta property=\"og:description\" content=\"Huippukuntoinen ja t\u00e4ydellisesti toimiva kevyt yritystason l\u00e4pp\u00e4ri. Katso kuntoluokitukset &#8211; Intel i5-1135G7 prosessori &#8211; 16Gb DDR4-3200 muisti &#8211; 256Gb\u00a0 NvMe M.2 SSD &#8211; N\u00e4ytt\u00f6 14&#8243; Full HD IPS &#8211; Liit\u00e4nn\u00e4t: 2 x SuperSpeed USB Type-A, 2 x SuperSpeed USB Type-C, 1 x HDMI, mikrofoni-kuuloke-yhdistelm\u00e4 &#8211; Sormenj\u00e4lkilukija &#8211; Taustavalaistu n\u00e4pp\u00e4imist\u00f6 (Pohjoismaalainen) &#8211; Windows 11 pro FI [&hellip;]\" \/>\n<meta property=\"og:url\" content=\"https:\/\/www.jct-huolto.fi\/kauppa\/tuote\/hp-elitebook-840-g8-i5-16gb-256gb-14\/\" \/>\n<meta property=\"og:site_name\" content=\"JCT-Huolto Kauppa\" \/>\n<meta property=\"article:modified_time\" content=\"2026-04-14T11:30:08+00:00\" \/>\n<meta property=\"og:image\" content=\"https:\/\/www.jct-huolto.fi\/kauppa\/wp-content\/uploads\/2022\/07\/HP_EliteBook_840_G8_2-1.jpg\" \/>\n\t<meta property=\"og:image:width\" content=\"500\" \/>\n\t<meta property=\"og:image:height\" content=\"667\" \/>\n\t<meta property=\"og:image:type\" content=\"image\/jpeg\" \/>\n<meta name=\"twitter:card\" content=\"summary_large_image\" \/>\n<meta name=\"twitter:label1\" content=\"Arvioitu lukuaika\" \/>\n\t<meta name=\"twitter:data1\" content=\"1 minuutti\" \/>\n<script type=\"application\/ld+json\" class=\"yoast-schema-graph\">{\"@context\":\"https:\/\/schema.org\",\"@graph\":[{\"@type\":\"WebPage\",\"@id\":\"https:\/\/www.jct-huolto.fi\/kauppa\/tuote\/hp-elitebook-840-g8-i5-16gb-256gb-14\/\",\"url\":\"https:\/\/www.jct-huolto.fi\/kauppa\/tuote\/hp-elitebook-840-g8-i5-16gb-256gb-14\/\",\"name\":\"HP EliteBook 840 G8 14\\\" i5\/16Gb\/256Gb Huippukuntoinen - JCT-Huolto Kauppa\",\"isPartOf\":{\"@id\":\"https:\/\/www.jct-huolto.fi\/kauppa\/#website\"},\"datePublished\":\"2022-07-14T09:46:29+00:00\",\"dateModified\":\"2026-04-14T11:30:08+00:00\",\"breadcrumb\":{\"@id\":\"https:\/\/www.jct-huolto.fi\/kauppa\/tuote\/hp-elitebook-840-g8-i5-16gb-256gb-14\/#breadcrumb\"},\"inLanguage\":\"fi\",\"potentialAction\":[{\"@type\":\"ReadAction\",\"target\":[\"https:\/\/www.jct-huolto.fi\/kauppa\/tuote\/hp-elitebook-840-g8-i5-16gb-256gb-14\/\"]}]},{\"@type\":\"BreadcrumbList\",\"@id\":\"https:\/\/www.jct-huolto.fi\/kauppa\/tuote\/hp-elitebook-840-g8-i5-16gb-256gb-14\/#breadcrumb\",\"itemListElement\":[{\"@type\":\"ListItem\",\"position\":1,\"name\":\"Etusivu\",\"item\":\"https:\/\/www.jct-huolto.fi\/kauppa\/\"},{\"@type\":\"ListItem\",\"position\":2,\"name\":\"Kauppa\",\"item\":\"https:\/\/www.jct-huolto.fi\/kauppa\/kauppa\/\"},{\"@type\":\"ListItem\",\"position\":3,\"name\":\"HP EliteBook 840 G8 14&#8243; i5\/16Gb\/256Gb Huippukuntoinen\"}]},{\"@type\":\"WebSite\",\"@id\":\"https:\/\/www.jct-huolto.fi\/kauppa\/#website\",\"url\":\"https:\/\/www.jct-huolto.fi\/kauppa\/\",\"name\":\"JCT-Huolto Kauppa\",\"description\":\"K&auml;ytetyt puhelimet ja tietokoneet\",\"publisher\":{\"@id\":\"https:\/\/www.jct-huolto.fi\/kauppa\/#organization\"},\"potentialAction\":[{\"@type\":\"SearchAction\",\"target\":{\"@type\":\"EntryPoint\",\"urlTemplate\":\"https:\/\/www.jct-huolto.fi\/kauppa\/?s={search_term_string}\"},\"query-input\":\"required name=search_term_string\"}],\"inLanguage\":\"fi\"},{\"@type\":\"Organization\",\"@id\":\"https:\/\/www.jct-huolto.fi\/kauppa\/#organization\",\"name\":\"JCT-Huolto Oy\",\"url\":\"https:\/\/www.jct-huolto.fi\/kauppa\/\",\"logo\":{\"@type\":\"ImageObject\",\"inLanguage\":\"fi\",\"@id\":\"https:\/\/www.jct-huolto.fi\/kauppa\/#\/schema\/logo\/image\/\",\"url\":\"https:\/\/www.jct-huolto.fi\/kauppa\/wp-content\/uploads\/2019\/07\/cropped-kauppalogo2-1.jpg\",\"contentUrl\":\"https:\/\/www.jct-huolto.fi\/kauppa\/wp-content\/uploads\/2019\/07\/cropped-kauppalogo2-1.jpg\",\"width\":320,\"height\":112,\"caption\":\"JCT-Huolto Oy\"},\"image\":{\"@id\":\"https:\/\/www.jct-huolto.fi\/kauppa\/#\/schema\/logo\/image\/\"}}]}<\/script>\n<!-- \/ Yoast SEO plugin. -->","yoast_head_json":{"title":"HP EliteBook 840 G8 14\" i5\/16Gb\/256Gb Huippukuntoinen - JCT-Huolto Kauppa","robots":{"index":"index","follow":"follow","max-snippet":"max-snippet:-1","max-image-preview":"max-image-preview:large","max-video-preview":"max-video-preview:-1"},"canonical":"https:\/\/www.jct-huolto.fi\/kauppa\/tuote\/hp-elitebook-840-g8-i5-16gb-256gb-14\/","og_locale":"fi_FI","og_type":"article","og_title":"HP EliteBook 840 G8 14\" i5\/16Gb\/256Gb Huippukuntoinen - JCT-Huolto Kauppa","og_description":"Huippukuntoinen ja t\u00e4ydellisesti toimiva kevyt yritystason l\u00e4pp\u00e4ri. Katso kuntoluokitukset &#8211; Intel i5-1135G7 prosessori &#8211; 16Gb DDR4-3200 muisti &#8211; 256Gb\u00a0 NvMe M.2 SSD &#8211; N\u00e4ytt\u00f6 14&#8243; Full HD IPS &#8211; Liit\u00e4nn\u00e4t: 2 x SuperSpeed USB Type-A, 2 x SuperSpeed USB Type-C, 1 x HDMI, mikrofoni-kuuloke-yhdistelm\u00e4 &#8211; Sormenj\u00e4lkilukija &#8211; Taustavalaistu n\u00e4pp\u00e4imist\u00f6 (Pohjoismaalainen) &#8211; Windows 11 pro FI [&hellip;]","og_url":"https:\/\/www.jct-huolto.fi\/kauppa\/tuote\/hp-elitebook-840-g8-i5-16gb-256gb-14\/","og_site_name":"JCT-Huolto Kauppa","article_modified_time":"2026-04-14T11:30:08+00:00","og_image":[{"width":500,"height":667,"url":"https:\/\/www.jct-huolto.fi\/kauppa\/wp-content\/uploads\/2022\/07\/HP_EliteBook_840_G8_2-1.jpg","type":"image\/jpeg"}],"twitter_card":"summary_large_image","twitter_misc":{"Arvioitu lukuaika":"1 minuutti"},"schema":{"@context":"https:\/\/schema.org","@graph":[{"@type":"WebPage","@id":"https:\/\/www.jct-huolto.fi\/kauppa\/tuote\/hp-elitebook-840-g8-i5-16gb-256gb-14\/","url":"https:\/\/www.jct-huolto.fi\/kauppa\/tuote\/hp-elitebook-840-g8-i5-16gb-256gb-14\/","name":"HP EliteBook 840 G8 14\" i5\/16Gb\/256Gb Huippukuntoinen - JCT-Huolto Kauppa","isPartOf":{"@id":"https:\/\/www.jct-huolto.fi\/kauppa\/#website"},"datePublished":"2022-07-14T09:46:29+00:00","dateModified":"2026-04-14T11:30:08+00:00","breadcrumb":{"@id":"https:\/\/www.jct-huolto.fi\/kauppa\/tuote\/hp-elitebook-840-g8-i5-16gb-256gb-14\/#breadcrumb"},"inLanguage":"fi","potentialAction":[{"@type":"ReadAction","target":["https:\/\/www.jct-huolto.fi\/kauppa\/tuote\/hp-elitebook-840-g8-i5-16gb-256gb-14\/"]}]},{"@type":"BreadcrumbList","@id":"https:\/\/www.jct-huolto.fi\/kauppa\/tuote\/hp-elitebook-840-g8-i5-16gb-256gb-14\/#breadcrumb","itemListElement":[{"@type":"ListItem","position":1,"name":"Etusivu","item":"https:\/\/www.jct-huolto.fi\/kauppa\/"},{"@type":"ListItem","position":2,"name":"Kauppa","item":"https:\/\/www.jct-huolto.fi\/kauppa\/kauppa\/"},{"@type":"ListItem","position":3,"name":"HP EliteBook 840 G8 14&#8243; i5\/16Gb\/256Gb Huippukuntoinen"}]},{"@type":"WebSite","@id":"https:\/\/www.jct-huolto.fi\/kauppa\/#website","url":"https:\/\/www.jct-huolto.fi\/kauppa\/","name":"JCT-Huolto Kauppa","description":"K&auml;ytetyt puhelimet ja tietokoneet","publisher":{"@id":"https:\/\/www.jct-huolto.fi\/kauppa\/#organization"},"potentialAction":[{"@type":"SearchAction","target":{"@type":"EntryPoint","urlTemplate":"https:\/\/www.jct-huolto.fi\/kauppa\/?s={search_term_string}"},"query-input":"required name=search_term_string"}],"inLanguage":"fi"},{"@type":"Organization","@id":"https:\/\/www.jct-huolto.fi\/kauppa\/#organization","name":"JCT-Huolto Oy","url":"https:\/\/www.jct-huolto.fi\/kauppa\/","logo":{"@type":"ImageObject","inLanguage":"fi","@id":"https:\/\/www.jct-huolto.fi\/kauppa\/#\/schema\/logo\/image\/","url":"https:\/\/www.jct-huolto.fi\/kauppa\/wp-content\/uploads\/2019\/07\/cropped-kauppalogo2-1.jpg","contentUrl":"https:\/\/www.jct-huolto.fi\/kauppa\/wp-content\/uploads\/2019\/07\/cropped-kauppalogo2-1.jpg","width":320,"height":112,"caption":"JCT-Huolto Oy"},"image":{"@id":"https:\/\/www.jct-huolto.fi\/kauppa\/#\/schema\/logo\/image\/"}}]}},"_links":{"self":[{"href":"https:\/\/www.jct-huolto.fi\/kauppa\/wp-json\/wp\/v2\/product\/16268"}],"collection":[{"href":"https:\/\/www.jct-huolto.fi\/kauppa\/wp-json\/wp\/v2\/product"}],"about":[{"href":"https:\/\/www.jct-huolto.fi\/kauppa\/wp-json\/wp\/v2\/types\/product"}],"wp:featuredmedia":[{"embeddable":true,"href":"https:\/\/www.jct-huolto.fi\/kauppa\/wp-json\/wp\/v2\/media\/17901"}],"wp:attachment":[{"href":"https:\/\/www.jct-huolto.fi\/kauppa\/wp-json\/wp\/v2\/media?parent=16268"}],"wp:term":[{"taxonomy":"product_cat","embeddable":true,"href":"https:\/\/www.jct-huolto.fi\/kauppa\/wp-json\/wp\/v2\/product_cat?post=16268"},{"taxonomy":"product_tag","embeddable":true,"href":"https:\/\/www.jct-huolto.fi\/kauppa\/wp-json\/wp\/v2\/product_tag?post=16268"}],"curies":[{"name":"wp","href":"https:\/\/api.w.org\/{rel}","templated":true}]}}