{"id":16126,"date":"2022-05-25T13:51:09","date_gmt":"2022-05-25T10:51:09","guid":{"rendered":"https:\/\/www.jct-huolto.fi\/kauppa\/?post_type=product&#038;p=16126"},"modified":"2026-04-29T17:19:01","modified_gmt":"2026-04-29T14:19:01","slug":"macbook-pro-13-mid-2017-tahtiharmaa-2","status":"publish","type":"product","link":"https:\/\/www.jct-huolto.fi\/kauppa\/tuote\/macbook-pro-13-mid-2017-tahtiharmaa-2\/","title":{"rendered":"Macbook Pro 13&#8243; 2017 8\/128 T\u00e4htiharmaa Huippukuntoinen"},"content":{"rendered":"<p>Huippukuntoinen ja t\u00e4ydellisesti toimiva tehokas kompaktin kokoinen kone.<br \/>\n<a href=\"https:\/\/www.jct-huolto.fi\/kauppa\/kuntoluokitukset\/\" target=\"_blank\" rel=\"noopener noreferrer\"><em>Katso kuntoluokitukset<\/em><\/a><\/p>\n<p>&#8211; Intel \u00a0i5-7360U (2,3Ghz) prosessori<br \/>\n&#8211; 8Gb muisti<br \/>\n&#8211; 128Gb SSD-levy<br \/>\n&#8211; Iris Plus Graphics 640 n\u00e4yt\u00f6nohjain<br \/>\n&#8211; 2x TBT3 porttia (type-c), kuulokeliit\u00e4nt\u00e4<br \/>\n&#8211; Akun kunto n. 87% (365 latauskertaa)<br \/>\n&#8211; macOS Ventura- k\u00e4ytt\u00f6j\u00e4rjestelm\u00e4<br \/>\n&#8211; Laturi mukaan.<br \/>\n&#8211; My\u00f6nn\u00e4mme laitteelle 6kk takuun.<br \/>\n&#8211; Marginaaliverotus<\/p>\n","protected":false},"excerpt":{"rendered":"<p>Huippukuntoinen ja t\u00e4ydellisesti toimiva tehokas kompaktin kokoinen kone. Katso kuntoluokitukset &#8211; Intel \u00a0i5-7360U (2,3Ghz) prosessori &#8211; 8Gb muisti &#8211; 128Gb SSD-levy &#8211; Iris Plus Graphics 640 n\u00e4yt\u00f6nohjain &#8211; 2x TBT3 porttia (type-c), kuulokeliit\u00e4nt\u00e4 &#8211; Akun kunto n. 87% (365 latauskertaa) &#8211; macOS Ventura- k\u00e4ytt\u00f6j\u00e4rjestelm\u00e4 &#8211; Laturi mukaan. &#8211; My\u00f6nn\u00e4mme laitteelle 6kk takuun. &#8211; Marginaaliverotus<\/p>\n","protected":false},"featured_media":16127,"template":"","meta":[],"product_cat":[20,33],"product_tag":[],"yoast_head":"<!-- This site is optimized with the Yoast SEO plugin v21.9.1 - https:\/\/yoast.com\/wordpress\/plugins\/seo\/ -->\n<title>Macbook Pro 13&quot; 2017 8\/128 T\u00e4htiharmaa Huippukuntoinen - JCT-Huolto Kauppa<\/title>\n<meta name=\"robots\" content=\"index, follow, max-snippet:-1, max-image-preview:large, max-video-preview:-1\" \/>\n<link rel=\"canonical\" href=\"https:\/\/www.jct-huolto.fi\/kauppa\/tuote\/macbook-pro-13-mid-2017-tahtiharmaa-2\/\" \/>\n<meta property=\"og:locale\" content=\"fi_FI\" \/>\n<meta property=\"og:type\" content=\"article\" \/>\n<meta property=\"og:title\" content=\"Macbook Pro 13&quot; 2017 8\/128 T\u00e4htiharmaa Huippukuntoinen - JCT-Huolto Kauppa\" \/>\n<meta property=\"og:description\" content=\"Huippukuntoinen ja t\u00e4ydellisesti toimiva tehokas kompaktin kokoinen kone. Katso kuntoluokitukset &#8211; Intel \u00a0i5-7360U (2,3Ghz) prosessori &#8211; 8Gb muisti &#8211; 128Gb SSD-levy &#8211; Iris Plus Graphics 640 n\u00e4yt\u00f6nohjain &#8211; 2x TBT3 porttia (type-c), kuulokeliit\u00e4nt\u00e4 &#8211; Akun kunto n. 87% (365 latauskertaa) &#8211; macOS Ventura- k\u00e4ytt\u00f6j\u00e4rjestelm\u00e4 &#8211; Laturi mukaan. &#8211; My\u00f6nn\u00e4mme laitteelle 6kk takuun. &#8211; Marginaaliverotus\" \/>\n<meta property=\"og:url\" content=\"https:\/\/www.jct-huolto.fi\/kauppa\/tuote\/macbook-pro-13-mid-2017-tahtiharmaa-2\/\" \/>\n<meta property=\"og:site_name\" content=\"JCT-Huolto Kauppa\" \/>\n<meta property=\"article:modified_time\" content=\"2026-04-29T14:19:01+00:00\" \/>\n<meta property=\"og:image\" content=\"https:\/\/www.jct-huolto.fi\/kauppa\/wp-content\/uploads\/2022\/05\/macbook_pro_13_2017_tahtiharmaa_1.jpg\" \/>\n\t<meta property=\"og:image:width\" content=\"500\" \/>\n\t<meta property=\"og:image:height\" content=\"667\" \/>\n\t<meta property=\"og:image:type\" content=\"image\/jpeg\" \/>\n<meta name=\"twitter:card\" content=\"summary_large_image\" \/>\n<meta name=\"twitter:label1\" content=\"Arvioitu lukuaika\" \/>\n\t<meta name=\"twitter:data1\" content=\"1 minuutti\" \/>\n<script type=\"application\/ld+json\" class=\"yoast-schema-graph\">{\"@context\":\"https:\/\/schema.org\",\"@graph\":[{\"@type\":\"WebPage\",\"@id\":\"https:\/\/www.jct-huolto.fi\/kauppa\/tuote\/macbook-pro-13-mid-2017-tahtiharmaa-2\/\",\"url\":\"https:\/\/www.jct-huolto.fi\/kauppa\/tuote\/macbook-pro-13-mid-2017-tahtiharmaa-2\/\",\"name\":\"Macbook Pro 13\\\" 2017 8\/128 T\u00e4htiharmaa Huippukuntoinen - JCT-Huolto Kauppa\",\"isPartOf\":{\"@id\":\"https:\/\/www.jct-huolto.fi\/kauppa\/#website\"},\"datePublished\":\"2022-05-25T10:51:09+00:00\",\"dateModified\":\"2026-04-29T14:19:01+00:00\",\"breadcrumb\":{\"@id\":\"https:\/\/www.jct-huolto.fi\/kauppa\/tuote\/macbook-pro-13-mid-2017-tahtiharmaa-2\/#breadcrumb\"},\"inLanguage\":\"fi\",\"potentialAction\":[{\"@type\":\"ReadAction\",\"target\":[\"https:\/\/www.jct-huolto.fi\/kauppa\/tuote\/macbook-pro-13-mid-2017-tahtiharmaa-2\/\"]}]},{\"@type\":\"BreadcrumbList\",\"@id\":\"https:\/\/www.jct-huolto.fi\/kauppa\/tuote\/macbook-pro-13-mid-2017-tahtiharmaa-2\/#breadcrumb\",\"itemListElement\":[{\"@type\":\"ListItem\",\"position\":1,\"name\":\"Etusivu\",\"item\":\"https:\/\/www.jct-huolto.fi\/kauppa\/\"},{\"@type\":\"ListItem\",\"position\":2,\"name\":\"Kauppa\",\"item\":\"https:\/\/www.jct-huolto.fi\/kauppa\/kauppa\/\"},{\"@type\":\"ListItem\",\"position\":3,\"name\":\"Macbook Pro 13&#8243; 2017 8\/128 T\u00e4htiharmaa Huippukuntoinen\"}]},{\"@type\":\"WebSite\",\"@id\":\"https:\/\/www.jct-huolto.fi\/kauppa\/#website\",\"url\":\"https:\/\/www.jct-huolto.fi\/kauppa\/\",\"name\":\"JCT-Huolto Kauppa\",\"description\":\"K&auml;ytetyt puhelimet ja tietokoneet\",\"publisher\":{\"@id\":\"https:\/\/www.jct-huolto.fi\/kauppa\/#organization\"},\"potentialAction\":[{\"@type\":\"SearchAction\",\"target\":{\"@type\":\"EntryPoint\",\"urlTemplate\":\"https:\/\/www.jct-huolto.fi\/kauppa\/?s={search_term_string}\"},\"query-input\":\"required name=search_term_string\"}],\"inLanguage\":\"fi\"},{\"@type\":\"Organization\",\"@id\":\"https:\/\/www.jct-huolto.fi\/kauppa\/#organization\",\"name\":\"JCT-Huolto Oy\",\"url\":\"https:\/\/www.jct-huolto.fi\/kauppa\/\",\"logo\":{\"@type\":\"ImageObject\",\"inLanguage\":\"fi\",\"@id\":\"https:\/\/www.jct-huolto.fi\/kauppa\/#\/schema\/logo\/image\/\",\"url\":\"https:\/\/www.jct-huolto.fi\/kauppa\/wp-content\/uploads\/2019\/07\/cropped-kauppalogo2-1.jpg\",\"contentUrl\":\"https:\/\/www.jct-huolto.fi\/kauppa\/wp-content\/uploads\/2019\/07\/cropped-kauppalogo2-1.jpg\",\"width\":320,\"height\":112,\"caption\":\"JCT-Huolto Oy\"},\"image\":{\"@id\":\"https:\/\/www.jct-huolto.fi\/kauppa\/#\/schema\/logo\/image\/\"}}]}<\/script>\n<!-- \/ Yoast SEO plugin. -->","yoast_head_json":{"title":"Macbook Pro 13\" 2017 8\/128 T\u00e4htiharmaa Huippukuntoinen - JCT-Huolto Kauppa","robots":{"index":"index","follow":"follow","max-snippet":"max-snippet:-1","max-image-preview":"max-image-preview:large","max-video-preview":"max-video-preview:-1"},"canonical":"https:\/\/www.jct-huolto.fi\/kauppa\/tuote\/macbook-pro-13-mid-2017-tahtiharmaa-2\/","og_locale":"fi_FI","og_type":"article","og_title":"Macbook Pro 13\" 2017 8\/128 T\u00e4htiharmaa Huippukuntoinen - JCT-Huolto Kauppa","og_description":"Huippukuntoinen ja t\u00e4ydellisesti toimiva tehokas kompaktin kokoinen kone. Katso kuntoluokitukset &#8211; Intel \u00a0i5-7360U (2,3Ghz) prosessori &#8211; 8Gb muisti &#8211; 128Gb SSD-levy &#8211; Iris Plus Graphics 640 n\u00e4yt\u00f6nohjain &#8211; 2x TBT3 porttia (type-c), kuulokeliit\u00e4nt\u00e4 &#8211; Akun kunto n. 87% (365 latauskertaa) &#8211; macOS Ventura- k\u00e4ytt\u00f6j\u00e4rjestelm\u00e4 &#8211; Laturi mukaan. &#8211; My\u00f6nn\u00e4mme laitteelle 6kk takuun. &#8211; Marginaaliverotus","og_url":"https:\/\/www.jct-huolto.fi\/kauppa\/tuote\/macbook-pro-13-mid-2017-tahtiharmaa-2\/","og_site_name":"JCT-Huolto Kauppa","article_modified_time":"2026-04-29T14:19:01+00:00","og_image":[{"width":500,"height":667,"url":"https:\/\/www.jct-huolto.fi\/kauppa\/wp-content\/uploads\/2022\/05\/macbook_pro_13_2017_tahtiharmaa_1.jpg","type":"image\/jpeg"}],"twitter_card":"summary_large_image","twitter_misc":{"Arvioitu lukuaika":"1 minuutti"},"schema":{"@context":"https:\/\/schema.org","@graph":[{"@type":"WebPage","@id":"https:\/\/www.jct-huolto.fi\/kauppa\/tuote\/macbook-pro-13-mid-2017-tahtiharmaa-2\/","url":"https:\/\/www.jct-huolto.fi\/kauppa\/tuote\/macbook-pro-13-mid-2017-tahtiharmaa-2\/","name":"Macbook Pro 13\" 2017 8\/128 T\u00e4htiharmaa Huippukuntoinen - JCT-Huolto Kauppa","isPartOf":{"@id":"https:\/\/www.jct-huolto.fi\/kauppa\/#website"},"datePublished":"2022-05-25T10:51:09+00:00","dateModified":"2026-04-29T14:19:01+00:00","breadcrumb":{"@id":"https:\/\/www.jct-huolto.fi\/kauppa\/tuote\/macbook-pro-13-mid-2017-tahtiharmaa-2\/#breadcrumb"},"inLanguage":"fi","potentialAction":[{"@type":"ReadAction","target":["https:\/\/www.jct-huolto.fi\/kauppa\/tuote\/macbook-pro-13-mid-2017-tahtiharmaa-2\/"]}]},{"@type":"BreadcrumbList","@id":"https:\/\/www.jct-huolto.fi\/kauppa\/tuote\/macbook-pro-13-mid-2017-tahtiharmaa-2\/#breadcrumb","itemListElement":[{"@type":"ListItem","position":1,"name":"Etusivu","item":"https:\/\/www.jct-huolto.fi\/kauppa\/"},{"@type":"ListItem","position":2,"name":"Kauppa","item":"https:\/\/www.jct-huolto.fi\/kauppa\/kauppa\/"},{"@type":"ListItem","position":3,"name":"Macbook Pro 13&#8243; 2017 8\/128 T\u00e4htiharmaa Huippukuntoinen"}]},{"@type":"WebSite","@id":"https:\/\/www.jct-huolto.fi\/kauppa\/#website","url":"https:\/\/www.jct-huolto.fi\/kauppa\/","name":"JCT-Huolto Kauppa","description":"K&auml;ytetyt puhelimet ja tietokoneet","publisher":{"@id":"https:\/\/www.jct-huolto.fi\/kauppa\/#organization"},"potentialAction":[{"@type":"SearchAction","target":{"@type":"EntryPoint","urlTemplate":"https:\/\/www.jct-huolto.fi\/kauppa\/?s={search_term_string}"},"query-input":"required name=search_term_string"}],"inLanguage":"fi"},{"@type":"Organization","@id":"https:\/\/www.jct-huolto.fi\/kauppa\/#organization","name":"JCT-Huolto Oy","url":"https:\/\/www.jct-huolto.fi\/kauppa\/","logo":{"@type":"ImageObject","inLanguage":"fi","@id":"https:\/\/www.jct-huolto.fi\/kauppa\/#\/schema\/logo\/image\/","url":"https:\/\/www.jct-huolto.fi\/kauppa\/wp-content\/uploads\/2019\/07\/cropped-kauppalogo2-1.jpg","contentUrl":"https:\/\/www.jct-huolto.fi\/kauppa\/wp-content\/uploads\/2019\/07\/cropped-kauppalogo2-1.jpg","width":320,"height":112,"caption":"JCT-Huolto Oy"},"image":{"@id":"https:\/\/www.jct-huolto.fi\/kauppa\/#\/schema\/logo\/image\/"}}]}},"_links":{"self":[{"href":"https:\/\/www.jct-huolto.fi\/kauppa\/wp-json\/wp\/v2\/product\/16126"}],"collection":[{"href":"https:\/\/www.jct-huolto.fi\/kauppa\/wp-json\/wp\/v2\/product"}],"about":[{"href":"https:\/\/www.jct-huolto.fi\/kauppa\/wp-json\/wp\/v2\/types\/product"}],"wp:featuredmedia":[{"embeddable":true,"href":"https:\/\/www.jct-huolto.fi\/kauppa\/wp-json\/wp\/v2\/media\/16127"}],"wp:attachment":[{"href":"https:\/\/www.jct-huolto.fi\/kauppa\/wp-json\/wp\/v2\/media?parent=16126"}],"wp:term":[{"taxonomy":"product_cat","embeddable":true,"href":"https:\/\/www.jct-huolto.fi\/kauppa\/wp-json\/wp\/v2\/product_cat?post=16126"},{"taxonomy":"product_tag","embeddable":true,"href":"https:\/\/www.jct-huolto.fi\/kauppa\/wp-json\/wp\/v2\/product_tag?post=16126"}],"curies":[{"name":"wp","href":"https:\/\/api.w.org\/{rel}","templated":true}]}}

Macbook Pro 13&#8243; 2017 8/128 Tähtiharmaa Huippukuntoinen

<p>Huippukuntoinen ja täydellisesti toimiva tehokas kompaktin kokoinen kone.<br />
<a href="https://www.jct-huolto.fi/kauppa/kuntoluokitukset/" target="_blank" rel="noopener noreferrer"><em>Katso kuntoluokitukset</em></a></p>
<p>&#8211; Intel  i5-7360U (2,3Ghz) prosessori<br />
&#8211; 8Gb muisti<br />
&#8211; 128Gb SSD-levy<br />
&#8211; Iris Plus Graphics 640 näytönohjain<br />
&#8211; 2x TBT3 porttia (type-c), kuulokeliitäntä<br />
&#8211; Akun kunto n. 87% (365 latauskertaa)<br />
&#8211; macOS Ventura- käyttöjärjestelmä<br />
&#8211; Laturi mukaan.<br />
&#8211; Myönnämme laitteelle 6kk takuun.<br />
&#8211; Marginaaliverotus</p>

<p>Huippukuntoinen ja täydellisesti toimiva tehokas kompaktin kokoinen kone. Katso kuntoluokitukset &#8211; Intel  i5-7360U (2,3Ghz) prosessori &#8211; 8Gb muisti &#8211; 128Gb SSD-levy &#8211; Iris Plus Graphics 640 näytönohjain &#8211; 2x TBT3 porttia (type-c), kuulokeliitäntä &#8211; Akun kunto n. 87% (365 latauskertaa) &#8211; macOS Ventura- käyttöjärjestelmä &#8211; Laturi mukaan. &#8211; Myönnämme laitteelle 6kk takuun. &#8211; Marginaaliverotus</p>

<!-- This site is optimized with the Yoast SEO plugin v21.9.1 - https://yoast.com/wordpress/plugins/seo/ -->
<title>Macbook Pro 13&quot; 2017 8/128 Tähtiharmaa Huippukuntoinen - JCT-Huolto Kauppa</title>
<meta name="robots" content="index, follow, max-snippet:-1, max-image-preview:large, max-video-preview:-1" />
<link rel="canonical" href="https://www.jct-huolto.fi/kauppa/tuote/macbook-pro-13-mid-2017-tahtiharmaa-2/" />
<meta property="og:locale" content="fi_FI" />
<meta property="og:type" content="article" />
<meta property="og:title" content="Macbook Pro 13&quot; 2017 8/128 Tähtiharmaa Huippukuntoinen - JCT-Huolto Kauppa" />
<meta property="og:description" content="Huippukuntoinen ja täydellisesti toimiva tehokas kompaktin kokoinen kone. Katso kuntoluokitukset &#8211; Intel  i5-7360U (2,3Ghz) prosessori &#8211; 8Gb muisti &#8211; 128Gb SSD-levy &#8211; Iris Plus Graphics 640 näytönohjain &#8211; 2x TBT3 porttia (type-c), kuulokeliitäntä &#8211; Akun kunto n. 87% (365 latauskertaa) &#8211; macOS Ventura- käyttöjärjestelmä &#8211; Laturi mukaan. &#8211; Myönnämme laitteelle 6kk takuun. &#8211; Marginaaliverotus" />
<meta property="og:url" content="https://www.jct-huolto.fi/kauppa/tuote/macbook-pro-13-mid-2017-tahtiharmaa-2/" />
<meta property="og:site_name" content="JCT-Huolto Kauppa" />
<meta property="article:modified_time" content="2026-04-29T14:19:01+00:00" />
<meta property="og:image" content="https://www.jct-huolto.fi/kauppa/wp-content/uploads/2022/05/macbook_pro_13_2017_tahtiharmaa_1.jpg" />
	<meta property="og:image:width" content="500" />
	<meta property="og:image:height" content="667" />
	<meta property="og:image:type" content="image/jpeg" />
<meta name="twitter:card" content="summary_large_image" />
<meta name="twitter:label1" content="Arvioitu lukuaika" />
	<meta name="twitter:data1" content="1 minuutti" />
<script type="application/ld+json" class="yoast-schema-graph">{"@context":"https://schema.org","@graph":[{"@type":"WebPage","@id":"https://www.jct-huolto.fi/kauppa/tuote/macbook-pro-13-mid-2017-tahtiharmaa-2/","url":"https://www.jct-huolto.fi/kauppa/tuote/macbook-pro-13-mid-2017-tahtiharmaa-2/","name":"Macbook Pro 13\" 2017 8/128 Tähtiharmaa Huippukuntoinen - JCT-Huolto Kauppa","isPartOf":{"@id":"https://www.jct-huolto.fi/kauppa/#website"},"datePublished":"2022-05-25T10:51:09+00:00","dateModified":"2026-04-29T14:19:01+00:00","breadcrumb":{"@id":"https://www.jct-huolto.fi/kauppa/tuote/macbook-pro-13-mid-2017-tahtiharmaa-2/#breadcrumb"},"inLanguage":"fi","potentialAction":[{"@type":"ReadAction","target":["https://www.jct-huolto.fi/kauppa/tuote/macbook-pro-13-mid-2017-tahtiharmaa-2/"]}]},{"@type":"BreadcrumbList","@id":"https://www.jct-huolto.fi/kauppa/tuote/macbook-pro-13-mid-2017-tahtiharmaa-2/#breadcrumb","itemListElement":[{"@type":"ListItem","position":1,"name":"Etusivu","item":"https://www.jct-huolto.fi/kauppa/"},{"@type":"ListItem","position":2,"name":"Kauppa","item":"https://www.jct-huolto.fi/kauppa/kauppa/"},{"@type":"ListItem","position":3,"name":"Macbook Pro 13&#8243; 2017 8/128 Tähtiharmaa Huippukuntoinen"}]},{"@type":"WebSite","@id":"https://www.jct-huolto.fi/kauppa/#website","url":"https://www.jct-huolto.fi/kauppa/","name":"JCT-Huolto Kauppa","description":"K&auml;ytetyt puhelimet ja tietokoneet","publisher":{"@id":"https://www.jct-huolto.fi/kauppa/#organization"},"potentialAction":[{"@type":"SearchAction","target":{"@type":"EntryPoint","urlTemplate":"https://www.jct-huolto.fi/kauppa/?s={search_term_string}"},"query-input":"required name=search_term_string"}],"inLanguage":"fi"},{"@type":"Organization","@id":"https://www.jct-huolto.fi/kauppa/#organization","name":"JCT-Huolto Oy","url":"https://www.jct-huolto.fi/kauppa/","logo":{"@type":"ImageObject","inLanguage":"fi","@id":"https://www.jct-huolto.fi/kauppa/#/schema/logo/image/","url":"https://www.jct-huolto.fi/kauppa/wp-content/uploads/2019/07/cropped-kauppalogo2-1.jpg","contentUrl":"https://www.jct-huolto.fi/kauppa/wp-content/uploads/2019/07/cropped-kauppalogo2-1.jpg","width":320,"height":112,"caption":"JCT-Huolto Oy"},"image":{"@id":"https://www.jct-huolto.fi/kauppa/#/schema/logo/image/"}}]}</script>
<!-- / Yoast SEO plugin. -->

Macbook Pro 13" 2017 8/128 Tähtiharmaa Huippukuntoinen - JCT-Huolto Kauppa

Huippukuntoinen ja täydellisesti toimiva tehokas kompaktin kokoinen kone. Katso kuntoluokitukset &#8211; Intel  i5-7360U (2,3Ghz) prosessori &#8211; 8Gb muisti &#8211; 128Gb SSD-levy &#8211; Iris Plus Graphics 640 näytönohjain &#8211; 2x TBT3 porttia (type-c), kuulokeliitäntä &#8211; Akun kunto n. 87% (365 latauskertaa) &#8211; macOS Ventura- käyttöjärjestelmä &#8211; Laturi mukaan. &#8211; Myönnämme laitteelle 6kk takuun. &#8211; Marginaaliverotus
