{"id":15755,"date":"2022-01-18T13:59:41","date_gmt":"2022-01-18T11:59:41","guid":{"rendered":"https:\/\/www.jct-huolto.fi\/kauppa\/?post_type=product&#038;p=15755"},"modified":"2022-02-11T12:36:14","modified_gmt":"2022-02-11T10:36:14","slug":"huawei-matebook-13-i7-8-500gb","status":"publish","type":"product","link":"https:\/\/www.jct-huolto.fi\/kauppa\/tuote\/huawei-matebook-13-i7-8-500gb\/","title":{"rendered":"Huawei Matebook 13 i7\/8\/500Gb Uudenveroinen"},"content":{"rendered":"<p>Uudenveroinen Huawein Kompakti kannettava Nvidia Geforce n\u00e4yt\u00f6nohjaimella ja tehokkaalla i7-prosessorilla.<br \/>\n<a href=\"https:\/\/www.jct-huolto.fi\/kauppa\/kuntoluokitukset\/\" target=\"_blank\" rel=\"noopener noreferrer\"><em>Katso kuntoluokitukset<\/em><\/a><\/p>\n<p>&#8211; Mallinumero WRT-WX9<br \/>\n&#8211; Intel i7-8565U prosessori<br \/>\n&#8211; 8Gb muisti<br \/>\n&#8211; 500Gb NVMe SSD<br \/>\n&#8211; N\u00e4ytt\u00f6 ohutreunainen 13&#8243; Full HD+\u00a0 2160&#215;1440, 3:2 kuvasuhde<br \/>\n&#8211; Nvidia Geforce MX250 n\u00e4yt\u00f6nohjain!<br \/>\n&#8211; Liit\u00e4nn\u00e4t 2x USB C, Kuuloke- mikrofoni-yhdistelm\u00e4<br \/>\n&#8211; Sormenj\u00e4lkilukija<br \/>\n&#8211; Windows 10 FI k\u00e4ytt\u00f6j\u00e4rjestelm\u00e4 (Kone tukee my\u00f6s Windows 11)<br \/>\n&#8211; Mukaan laturi<br \/>\n&#8211; Laitteella valmistajan my\u00f6nt\u00e4m\u00e4 takuu voimassa 1\/2023 saakka!<br \/>\n&#8211; Marginaaliverotus (ei lis\u00e4t\u00e4 arvonlis\u00e4veroa)<\/p>\n","protected":false},"excerpt":{"rendered":"<p>Uudenveroinen Huawein Kompakti kannettava Nvidia Geforce n\u00e4yt\u00f6nohjaimella ja tehokkaalla i7-prosessorilla. Katso kuntoluokitukset &#8211; Mallinumero WRT-WX9 &#8211; Intel i7-8565U prosessori &#8211; 8Gb muisti &#8211; 500Gb NVMe SSD &#8211; N\u00e4ytt\u00f6 ohutreunainen 13&#8243; Full HD+\u00a0 2160&#215;1440, 3:2 kuvasuhde &#8211; Nvidia Geforce MX250 n\u00e4yt\u00f6nohjain! &#8211; Liit\u00e4nn\u00e4t 2x USB C, Kuuloke- mikrofoni-yhdistelm\u00e4 &#8211; Sormenj\u00e4lkilukija &#8211; Windows 10 FI k\u00e4ytt\u00f6j\u00e4rjestelm\u00e4 (Kone [&hellip;]<\/p>\n","protected":false},"featured_media":15761,"template":"","meta":[],"product_cat":[20,57],"product_tag":[],"yoast_head":"<!-- This site is optimized with the Yoast SEO plugin v21.9.1 - https:\/\/yoast.com\/wordpress\/plugins\/seo\/ -->\n<title>Huawei Matebook 13 i7\/8\/500Gb Uudenveroinen - JCT-Huolto Kauppa<\/title>\n<meta name=\"robots\" content=\"index, follow, max-snippet:-1, max-image-preview:large, max-video-preview:-1\" \/>\n<link rel=\"canonical\" href=\"https:\/\/www.jct-huolto.fi\/kauppa\/tuote\/huawei-matebook-13-i7-8-500gb\/\" \/>\n<meta property=\"og:locale\" content=\"fi_FI\" \/>\n<meta property=\"og:type\" content=\"article\" \/>\n<meta property=\"og:title\" content=\"Huawei Matebook 13 i7\/8\/500Gb Uudenveroinen - JCT-Huolto Kauppa\" \/>\n<meta property=\"og:description\" content=\"Uudenveroinen Huawein Kompakti kannettava Nvidia Geforce n\u00e4yt\u00f6nohjaimella ja tehokkaalla i7-prosessorilla. Katso kuntoluokitukset &#8211; Mallinumero WRT-WX9 &#8211; Intel i7-8565U prosessori &#8211; 8Gb muisti &#8211; 500Gb NVMe SSD &#8211; N\u00e4ytt\u00f6 ohutreunainen 13&#8243; Full HD+\u00a0 2160&#215;1440, 3:2 kuvasuhde &#8211; Nvidia Geforce MX250 n\u00e4yt\u00f6nohjain! &#8211; Liit\u00e4nn\u00e4t 2x USB C, Kuuloke- mikrofoni-yhdistelm\u00e4 &#8211; Sormenj\u00e4lkilukija &#8211; Windows 10 FI k\u00e4ytt\u00f6j\u00e4rjestelm\u00e4 (Kone [&hellip;]\" \/>\n<meta property=\"og:url\" content=\"https:\/\/www.jct-huolto.fi\/kauppa\/tuote\/huawei-matebook-13-i7-8-500gb\/\" \/>\n<meta property=\"og:site_name\" content=\"JCT-Huolto Kauppa\" \/>\n<meta property=\"article:modified_time\" content=\"2022-02-11T10:36:14+00:00\" \/>\n<meta property=\"og:image\" content=\"https:\/\/www.jct-huolto.fi\/kauppa\/wp-content\/uploads\/2022\/01\/matebook_13_2019_silver_1.jpg\" \/>\n\t<meta property=\"og:image:width\" content=\"500\" \/>\n\t<meta property=\"og:image:height\" content=\"667\" \/>\n\t<meta property=\"og:image:type\" content=\"image\/jpeg\" \/>\n<meta name=\"twitter:card\" content=\"summary_large_image\" \/>\n<script type=\"application\/ld+json\" class=\"yoast-schema-graph\">{\"@context\":\"https:\/\/schema.org\",\"@graph\":[{\"@type\":\"WebPage\",\"@id\":\"https:\/\/www.jct-huolto.fi\/kauppa\/tuote\/huawei-matebook-13-i7-8-500gb\/\",\"url\":\"https:\/\/www.jct-huolto.fi\/kauppa\/tuote\/huawei-matebook-13-i7-8-500gb\/\",\"name\":\"Huawei Matebook 13 i7\/8\/500Gb Uudenveroinen - JCT-Huolto Kauppa\",\"isPartOf\":{\"@id\":\"https:\/\/www.jct-huolto.fi\/kauppa\/#website\"},\"datePublished\":\"2022-01-18T11:59:41+00:00\",\"dateModified\":\"2022-02-11T10:36:14+00:00\",\"breadcrumb\":{\"@id\":\"https:\/\/www.jct-huolto.fi\/kauppa\/tuote\/huawei-matebook-13-i7-8-500gb\/#breadcrumb\"},\"inLanguage\":\"fi\",\"potentialAction\":[{\"@type\":\"ReadAction\",\"target\":[\"https:\/\/www.jct-huolto.fi\/kauppa\/tuote\/huawei-matebook-13-i7-8-500gb\/\"]}]},{\"@type\":\"BreadcrumbList\",\"@id\":\"https:\/\/www.jct-huolto.fi\/kauppa\/tuote\/huawei-matebook-13-i7-8-500gb\/#breadcrumb\",\"itemListElement\":[{\"@type\":\"ListItem\",\"position\":1,\"name\":\"Etusivu\",\"item\":\"https:\/\/www.jct-huolto.fi\/kauppa\/\"},{\"@type\":\"ListItem\",\"position\":2,\"name\":\"Kauppa\",\"item\":\"https:\/\/www.jct-huolto.fi\/kauppa\/kauppa\/\"},{\"@type\":\"ListItem\",\"position\":3,\"name\":\"Huawei Matebook 13 i7\/8\/500Gb Uudenveroinen\"}]},{\"@type\":\"WebSite\",\"@id\":\"https:\/\/www.jct-huolto.fi\/kauppa\/#website\",\"url\":\"https:\/\/www.jct-huolto.fi\/kauppa\/\",\"name\":\"JCT-Huolto Kauppa\",\"description\":\"K&auml;ytetyt puhelimet ja tietokoneet\",\"publisher\":{\"@id\":\"https:\/\/www.jct-huolto.fi\/kauppa\/#organization\"},\"potentialAction\":[{\"@type\":\"SearchAction\",\"target\":{\"@type\":\"EntryPoint\",\"urlTemplate\":\"https:\/\/www.jct-huolto.fi\/kauppa\/?s={search_term_string}\"},\"query-input\":\"required name=search_term_string\"}],\"inLanguage\":\"fi\"},{\"@type\":\"Organization\",\"@id\":\"https:\/\/www.jct-huolto.fi\/kauppa\/#organization\",\"name\":\"JCT-Huolto Oy\",\"url\":\"https:\/\/www.jct-huolto.fi\/kauppa\/\",\"logo\":{\"@type\":\"ImageObject\",\"inLanguage\":\"fi\",\"@id\":\"https:\/\/www.jct-huolto.fi\/kauppa\/#\/schema\/logo\/image\/\",\"url\":\"https:\/\/www.jct-huolto.fi\/kauppa\/wp-content\/uploads\/2019\/07\/cropped-kauppalogo2-1.jpg\",\"contentUrl\":\"https:\/\/www.jct-huolto.fi\/kauppa\/wp-content\/uploads\/2019\/07\/cropped-kauppalogo2-1.jpg\",\"width\":320,\"height\":112,\"caption\":\"JCT-Huolto Oy\"},\"image\":{\"@id\":\"https:\/\/www.jct-huolto.fi\/kauppa\/#\/schema\/logo\/image\/\"}}]}<\/script>\n<!-- \/ Yoast SEO plugin. -->","yoast_head_json":{"title":"Huawei Matebook 13 i7\/8\/500Gb Uudenveroinen - JCT-Huolto Kauppa","robots":{"index":"index","follow":"follow","max-snippet":"max-snippet:-1","max-image-preview":"max-image-preview:large","max-video-preview":"max-video-preview:-1"},"canonical":"https:\/\/www.jct-huolto.fi\/kauppa\/tuote\/huawei-matebook-13-i7-8-500gb\/","og_locale":"fi_FI","og_type":"article","og_title":"Huawei Matebook 13 i7\/8\/500Gb Uudenveroinen - JCT-Huolto Kauppa","og_description":"Uudenveroinen Huawein Kompakti kannettava Nvidia Geforce n\u00e4yt\u00f6nohjaimella ja tehokkaalla i7-prosessorilla. Katso kuntoluokitukset &#8211; Mallinumero WRT-WX9 &#8211; Intel i7-8565U prosessori &#8211; 8Gb muisti &#8211; 500Gb NVMe SSD &#8211; N\u00e4ytt\u00f6 ohutreunainen 13&#8243; Full HD+\u00a0 2160&#215;1440, 3:2 kuvasuhde &#8211; Nvidia Geforce MX250 n\u00e4yt\u00f6nohjain! &#8211; Liit\u00e4nn\u00e4t 2x USB C, Kuuloke- mikrofoni-yhdistelm\u00e4 &#8211; Sormenj\u00e4lkilukija &#8211; Windows 10 FI k\u00e4ytt\u00f6j\u00e4rjestelm\u00e4 (Kone [&hellip;]","og_url":"https:\/\/www.jct-huolto.fi\/kauppa\/tuote\/huawei-matebook-13-i7-8-500gb\/","og_site_name":"JCT-Huolto Kauppa","article_modified_time":"2022-02-11T10:36:14+00:00","og_image":[{"width":500,"height":667,"url":"https:\/\/www.jct-huolto.fi\/kauppa\/wp-content\/uploads\/2022\/01\/matebook_13_2019_silver_1.jpg","type":"image\/jpeg"}],"twitter_card":"summary_large_image","schema":{"@context":"https:\/\/schema.org","@graph":[{"@type":"WebPage","@id":"https:\/\/www.jct-huolto.fi\/kauppa\/tuote\/huawei-matebook-13-i7-8-500gb\/","url":"https:\/\/www.jct-huolto.fi\/kauppa\/tuote\/huawei-matebook-13-i7-8-500gb\/","name":"Huawei Matebook 13 i7\/8\/500Gb Uudenveroinen - JCT-Huolto Kauppa","isPartOf":{"@id":"https:\/\/www.jct-huolto.fi\/kauppa\/#website"},"datePublished":"2022-01-18T11:59:41+00:00","dateModified":"2022-02-11T10:36:14+00:00","breadcrumb":{"@id":"https:\/\/www.jct-huolto.fi\/kauppa\/tuote\/huawei-matebook-13-i7-8-500gb\/#breadcrumb"},"inLanguage":"fi","potentialAction":[{"@type":"ReadAction","target":["https:\/\/www.jct-huolto.fi\/kauppa\/tuote\/huawei-matebook-13-i7-8-500gb\/"]}]},{"@type":"BreadcrumbList","@id":"https:\/\/www.jct-huolto.fi\/kauppa\/tuote\/huawei-matebook-13-i7-8-500gb\/#breadcrumb","itemListElement":[{"@type":"ListItem","position":1,"name":"Etusivu","item":"https:\/\/www.jct-huolto.fi\/kauppa\/"},{"@type":"ListItem","position":2,"name":"Kauppa","item":"https:\/\/www.jct-huolto.fi\/kauppa\/kauppa\/"},{"@type":"ListItem","position":3,"name":"Huawei Matebook 13 i7\/8\/500Gb Uudenveroinen"}]},{"@type":"WebSite","@id":"https:\/\/www.jct-huolto.fi\/kauppa\/#website","url":"https:\/\/www.jct-huolto.fi\/kauppa\/","name":"JCT-Huolto Kauppa","description":"K&auml;ytetyt puhelimet ja tietokoneet","publisher":{"@id":"https:\/\/www.jct-huolto.fi\/kauppa\/#organization"},"potentialAction":[{"@type":"SearchAction","target":{"@type":"EntryPoint","urlTemplate":"https:\/\/www.jct-huolto.fi\/kauppa\/?s={search_term_string}"},"query-input":"required name=search_term_string"}],"inLanguage":"fi"},{"@type":"Organization","@id":"https:\/\/www.jct-huolto.fi\/kauppa\/#organization","name":"JCT-Huolto Oy","url":"https:\/\/www.jct-huolto.fi\/kauppa\/","logo":{"@type":"ImageObject","inLanguage":"fi","@id":"https:\/\/www.jct-huolto.fi\/kauppa\/#\/schema\/logo\/image\/","url":"https:\/\/www.jct-huolto.fi\/kauppa\/wp-content\/uploads\/2019\/07\/cropped-kauppalogo2-1.jpg","contentUrl":"https:\/\/www.jct-huolto.fi\/kauppa\/wp-content\/uploads\/2019\/07\/cropped-kauppalogo2-1.jpg","width":320,"height":112,"caption":"JCT-Huolto Oy"},"image":{"@id":"https:\/\/www.jct-huolto.fi\/kauppa\/#\/schema\/logo\/image\/"}}]}},"_links":{"self":[{"href":"https:\/\/www.jct-huolto.fi\/kauppa\/wp-json\/wp\/v2\/product\/15755"}],"collection":[{"href":"https:\/\/www.jct-huolto.fi\/kauppa\/wp-json\/wp\/v2\/product"}],"about":[{"href":"https:\/\/www.jct-huolto.fi\/kauppa\/wp-json\/wp\/v2\/types\/product"}],"wp:featuredmedia":[{"embeddable":true,"href":"https:\/\/www.jct-huolto.fi\/kauppa\/wp-json\/wp\/v2\/media\/15761"}],"wp:attachment":[{"href":"https:\/\/www.jct-huolto.fi\/kauppa\/wp-json\/wp\/v2\/media?parent=15755"}],"wp:term":[{"taxonomy":"product_cat","embeddable":true,"href":"https:\/\/www.jct-huolto.fi\/kauppa\/wp-json\/wp\/v2\/product_cat?post=15755"},{"taxonomy":"product_tag","embeddable":true,"href":"https:\/\/www.jct-huolto.fi\/kauppa\/wp-json\/wp\/v2\/product_tag?post=15755"}],"curies":[{"name":"wp","href":"https:\/\/api.w.org\/{rel}","templated":true}]}}